{"id":4528,"date":"2025-10-03T13:08:20","date_gmt":"2025-10-03T11:08:20","guid":{"rendered":"https:\/\/masculinum.org\/?post_type=product&#038;p=4528"},"modified":"2026-04-19T18:40:09","modified_gmt":"2026-04-19T16:40:09","slug":"relacje-jak-byc-w-zdrowej-relacji-z-kobieta","status":"publish","type":"product","link":"https:\/\/masculinum.org\/instytutsklep\/sklep\/relacje-jak-byc-w-zdrowej-relacji-z-kobieta\/","title":{"rendered":"Relacje: jak by\u0107 w zdrowej relacji z kobiet\u0105"},"content":{"rendered":"","protected":false},"excerpt":{"rendered":"","protected":false},"featured_media":0,"comment_status":"open","ping_status":"closed","template":"woocommerce\/single-product-warsztat.php","meta":{"_acf_changed":false,"inline_featured_image":false},"product_cat":[20],"product_tag":[],"class_list":{"0":"post-4528","1":"product","2":"type-product","3":"status-publish","5":"product_cat-warsztat","7":"first","8":"instock","9":"virtual","10":"taxable","11":"purchasable","12":"product-type-simple"},"acf":[],"yoast_head":"<!-- This site is optimized with the Yoast SEO plugin v26.1.1 - https:\/\/yoast.com\/wordpress\/plugins\/seo\/ -->\n<title>Relacje: jak by\u0107 w zdrowej relacji z kobiet\u0105 - Masculinum - Dedykowane m\u0119\u017cczyznom<\/title>\n<meta name=\"robots\" content=\"index, follow, max-snippet:-1, max-image-preview:large, max-video-preview:-1\" \/>\n<link rel=\"canonical\" href=\"https:\/\/masculinum.org\/instytutsklep\/sklep\/relacje-jak-byc-w-zdrowej-relacji-z-kobieta\/\" \/>\n<meta property=\"og:locale\" content=\"pl_PL\" \/>\n<meta property=\"og:type\" content=\"article\" \/>\n<meta property=\"og:title\" content=\"Relacje: jak by\u0107 w zdrowej relacji z kobiet\u0105 - Masculinum - Dedykowane m\u0119\u017cczyznom\" \/>\n<meta property=\"og:url\" content=\"https:\/\/masculinum.org\/instytutsklep\/sklep\/relacje-jak-byc-w-zdrowej-relacji-z-kobieta\/\" \/>\n<meta property=\"og:site_name\" content=\"Masculinum - Dedykowane m\u0119\u017cczyznom\" \/>\n<meta property=\"article:modified_time\" content=\"2026-04-19T16:40:09+00:00\" \/>\n<meta name=\"twitter:card\" content=\"summary_large_image\" \/>\n<script type=\"application\/ld+json\" class=\"yoast-schema-graph\">{\"@context\":\"https:\/\/schema.org\",\"@graph\":[{\"@type\":\"WebPage\",\"@id\":\"https:\/\/masculinum.org\/instytutsklep\/sklep\/relacje-jak-byc-w-zdrowej-relacji-z-kobieta\/\",\"url\":\"https:\/\/masculinum.org\/instytutsklep\/sklep\/relacje-jak-byc-w-zdrowej-relacji-z-kobieta\/\",\"name\":\"Relacje: jak by\u0107 w zdrowej relacji z kobiet\u0105 - Masculinum - Dedykowane m\u0119\u017cczyznom\",\"isPartOf\":{\"@id\":\"https:\/\/masculinum.org\/instytutsklep\/#website\"},\"datePublished\":\"2025-10-03T11:08:20+00:00\",\"dateModified\":\"2026-04-19T16:40:09+00:00\",\"breadcrumb\":{\"@id\":\"https:\/\/masculinum.org\/instytutsklep\/sklep\/relacje-jak-byc-w-zdrowej-relacji-z-kobieta\/#breadcrumb\"},\"inLanguage\":\"pl-PL\",\"potentialAction\":[{\"@type\":\"ReadAction\",\"target\":[\"https:\/\/masculinum.org\/instytutsklep\/sklep\/relacje-jak-byc-w-zdrowej-relacji-z-kobieta\/\"]}]},{\"@type\":\"BreadcrumbList\",\"@id\":\"https:\/\/masculinum.org\/instytutsklep\/sklep\/relacje-jak-byc-w-zdrowej-relacji-z-kobieta\/#breadcrumb\",\"itemListElement\":[{\"@type\":\"ListItem\",\"position\":1,\"name\":\"Strona g\u0142\u00f3wna\",\"item\":\"https:\/\/masculinum.org\/instytutsklep\/\"},{\"@type\":\"ListItem\",\"position\":2,\"name\":\"Sklep\",\"item\":\"https:\/\/masculinum.org\/instytutsklep\/\"},{\"@type\":\"ListItem\",\"position\":3,\"name\":\"Warsztat\",\"item\":\"https:\/\/masculinum.org\/instytutsklep\/kategoria-produktu\/warsztat\/\"},{\"@type\":\"ListItem\",\"position\":4,\"name\":\"Relacje: jak by\u0107 w zdrowej relacji z kobiet\u0105\"}]},{\"@type\":\"WebSite\",\"@id\":\"https:\/\/masculinum.org\/instytutsklep\/#website\",\"url\":\"https:\/\/masculinum.org\/instytutsklep\/\",\"name\":\"Masculinum - Dedykowane m\u0119\u017cczyznom\",\"description\":\"Wspieramy m\u0119\u017cczyzn w poszukiwaniu odpowiedzi zwi\u0105zanych z ich to\u017csamo\u015bci\u0105, pe\u0142nionymi rolami i wprowadzaniem \u017cyciowych zmian.\",\"potentialAction\":[{\"@type\":\"SearchAction\",\"target\":{\"@type\":\"EntryPoint\",\"urlTemplate\":\"https:\/\/masculinum.org\/instytutsklep\/?s={search_term_string}\"},\"query-input\":{\"@type\":\"PropertyValueSpecification\",\"valueRequired\":true,\"valueName\":\"search_term_string\"}}],\"inLanguage\":\"pl-PL\"}]}<\/script>\n<!-- \/ Yoast SEO plugin. -->","yoast_head_json":{"title":"Relacje: jak by\u0107 w zdrowej relacji z kobiet\u0105 - Masculinum - Dedykowane m\u0119\u017cczyznom","robots":{"index":"index","follow":"follow","max-snippet":"max-snippet:-1","max-image-preview":"max-image-preview:large","max-video-preview":"max-video-preview:-1"},"canonical":"https:\/\/masculinum.org\/instytutsklep\/sklep\/relacje-jak-byc-w-zdrowej-relacji-z-kobieta\/","og_locale":"pl_PL","og_type":"article","og_title":"Relacje: jak by\u0107 w zdrowej relacji z kobiet\u0105 - Masculinum - Dedykowane m\u0119\u017cczyznom","og_url":"https:\/\/masculinum.org\/instytutsklep\/sklep\/relacje-jak-byc-w-zdrowej-relacji-z-kobieta\/","og_site_name":"Masculinum - Dedykowane m\u0119\u017cczyznom","article_modified_time":"2026-04-19T16:40:09+00:00","twitter_card":"summary_large_image","schema":{"@context":"https:\/\/schema.org","@graph":[{"@type":"WebPage","@id":"https:\/\/masculinum.org\/instytutsklep\/sklep\/relacje-jak-byc-w-zdrowej-relacji-z-kobieta\/","url":"https:\/\/masculinum.org\/instytutsklep\/sklep\/relacje-jak-byc-w-zdrowej-relacji-z-kobieta\/","name":"Relacje: jak by\u0107 w zdrowej relacji z kobiet\u0105 - Masculinum - Dedykowane m\u0119\u017cczyznom","isPartOf":{"@id":"https:\/\/masculinum.org\/instytutsklep\/#website"},"datePublished":"2025-10-03T11:08:20+00:00","dateModified":"2026-04-19T16:40:09+00:00","breadcrumb":{"@id":"https:\/\/masculinum.org\/instytutsklep\/sklep\/relacje-jak-byc-w-zdrowej-relacji-z-kobieta\/#breadcrumb"},"inLanguage":"pl-PL","potentialAction":[{"@type":"ReadAction","target":["https:\/\/masculinum.org\/instytutsklep\/sklep\/relacje-jak-byc-w-zdrowej-relacji-z-kobieta\/"]}]},{"@type":"BreadcrumbList","@id":"https:\/\/masculinum.org\/instytutsklep\/sklep\/relacje-jak-byc-w-zdrowej-relacji-z-kobieta\/#breadcrumb","itemListElement":[{"@type":"ListItem","position":1,"name":"Strona g\u0142\u00f3wna","item":"https:\/\/masculinum.org\/instytutsklep\/"},{"@type":"ListItem","position":2,"name":"Sklep","item":"https:\/\/masculinum.org\/instytutsklep\/"},{"@type":"ListItem","position":3,"name":"Warsztat","item":"https:\/\/masculinum.org\/instytutsklep\/kategoria-produktu\/warsztat\/"},{"@type":"ListItem","position":4,"name":"Relacje: jak by\u0107 w zdrowej relacji z kobiet\u0105"}]},{"@type":"WebSite","@id":"https:\/\/masculinum.org\/instytutsklep\/#website","url":"https:\/\/masculinum.org\/instytutsklep\/","name":"Masculinum - Dedykowane m\u0119\u017cczyznom","description":"Wspieramy m\u0119\u017cczyzn w poszukiwaniu odpowiedzi zwi\u0105zanych z ich to\u017csamo\u015bci\u0105, pe\u0142nionymi rolami i wprowadzaniem \u017cyciowych zmian.","potentialAction":[{"@type":"SearchAction","target":{"@type":"EntryPoint","urlTemplate":"https:\/\/masculinum.org\/instytutsklep\/?s={search_term_string}"},"query-input":{"@type":"PropertyValueSpecification","valueRequired":true,"valueName":"search_term_string"}}],"inLanguage":"pl-PL"}]}},"_links":{"self":[{"href":"https:\/\/masculinum.org\/instytutsklep\/wp-json\/wp\/v2\/product\/4528","targetHints":{"allow":["GET"]}}],"collection":[{"href":"https:\/\/masculinum.org\/instytutsklep\/wp-json\/wp\/v2\/product"}],"about":[{"href":"https:\/\/masculinum.org\/instytutsklep\/wp-json\/wp\/v2\/types\/product"}],"replies":[{"embeddable":true,"href":"https:\/\/masculinum.org\/instytutsklep\/wp-json\/wp\/v2\/comments?post=4528"}],"wp:attachment":[{"href":"https:\/\/masculinum.org\/instytutsklep\/wp-json\/wp\/v2\/media?parent=4528"}],"wp:term":[{"taxonomy":"product_cat","embeddable":true,"href":"https:\/\/masculinum.org\/instytutsklep\/wp-json\/wp\/v2\/product_cat?post=4528"},{"taxonomy":"product_tag","embeddable":true,"href":"https:\/\/masculinum.org\/instytutsklep\/wp-json\/wp\/v2\/product_tag?post=4528"}],"curies":[{"name":"wp","href":"https:\/\/api.w.org\/{rel}","templated":true}]}}